 s**2 - 8*s + 1. Let k(d) = 10*d**2 - 1. Let r be k(1). Calculate f(r).
10
Let f(g) = g**3 - 7*g**2 - 3*g - 4. Suppose 0 = 4*j - 2*z - 11 - 11, j - 1 = 2*z. What is f(j)?
-25
Suppose 2*l - 10 + 0 = 0. Let v(k) = 10*k**3 - 11*k**2 - k + 21. Let p(b) = -3*b**3 + 4*b**2 - 7. Let g(d) = 7*p(d) + 2*v(d). Determine g(l).
8
Let y(s) = s**2 - 5*s**2 - 1 - 2*s**2. Let z(n) = -n + 17. Let d be z(12). Suppose 7*m = 2*m - w + 6, -d*m + 2*w = -3. Give y(m).
-7
Let q(f) be the second derivative of -f**8/6720 + f**7/630 + f**6/360 + f**5/40 - f**4/4 + 16*f. Let n(b) be the third derivative of q(b). Give n(4).
11
Let f(x) be the third derivative of -3*x**5/20 - 4*x**3/3 - x**2. Let i(o) = -22*o**2 - 15 + o**2 + 4*o**2. Let n(m) = -11*f(m) + 6*i(m). Calculate n(2).
-14
Suppose 2*i - 3 = -3*n, 3*n = -5*i + 6*n + 18. Let o(r) = r**3 + 2 - 3*r + 3 - i + 2*r**2 + r**2. Give o(-4).
-2
Let t(i) = -7*i + 1. Let h(g) = -2*g - 1. Let f(d) = -6*h(d) + 2*t(d). Calculate f(-6).
20
Let s(y) = -y - 2. Suppose 4*z = -1254 + 1270. Determine s(z).
-6
Let f be (2*19)/2 - (-36 + 40). Let c(a) = 2*a - 24. Determine c(f).
6
Let x(l) = l**2 - 6*l. Let z(k) = -2*k**2 + 13*k. Let f(y) = 9*x(y) + 4*z(y). Suppose 4*j - 5*g = 17, 3*j - 4*g = -0*j + 13. Calculate f(j).
3
Let j(d) be the third derivative of -d**5/60 + d**4/4 - 13*d**3/6 + 174*d**2. Calculate j(4).
-5
Suppose 12 = 2*y - 0*y. Let c(q) = -20*q + 26. Let d(x) = 7*x - 9. Let r(m) = 6*c(m) + 17*d(m). Calculate r(y).
-3
Let g(h) = 401 + 9*h + 28*h**2 - 16*h**2 - 13*h**2 - 399. Give g(7).
16
Let o(t) = 3*t**2 + 2*t - 1. Let q be o(2). Let s(j) = -j**2 - 2 + q*j**3 - 1 + 2 + j. Suppose -112 = -16*m - 96. Determine s(m).
14
Suppose 89 = 4*h - 5*s, -2*h + 59 = 2*h + s. Let p(j) = -j - 1. Determine p(h).
-17
Let k(n) = 7*n + 1. Suppose v = -5*a + 9, 5*v + 7*a - 4*a = 1. Calculate k(v).
-6
Let b(a) = -9*a + 88. Let v be b(10). Let u(n) = n**3 + n**2 - n. What is u(v)?
-2
Let r(k) = -k**3 + 10*k**2 - 9*k - 4. Suppose -2*h = 2*t - 14, -2*t + 12 = 4*h - 20. Let l be r(h). Let u(p) = p. What is u(l)?
-4
Let l(w) = -2*w - 4. Suppose 2*o - 6 = -y + o, -3*y = -3*o. Suppose -2*a - 16 = y*f, 2 = -f - 0. Determine l(a).
6
Let c = -5690 - -5685. Let q(t) be the third derivative of t**4/12 + 5*t**3/6 + t**2. Determine q(c).
-5
Let r(g) = g**3 - 5*g**2 - g - 4. Let s(v) = v**3 + v**2 - 2*v + 5. Let p be (0*1/(-5))/(-2). Let t be s(p). What is r(t)?
-9
Suppose -3*k = -2*k. Let n(t) = -3*t**2 + 3*t + 23. Let d(l) = l**2 - l - 12. Let x(c) = -5*d(c) - 2*n(c). Give x(k).
14
Suppose -2*q - 3*y - 11 = 0, -4*y - 30 = 5*q + y. Let i(o) be the second derivative of -o**3/3 - 4*o**2 - 196*o. Determine i(q).
6
Let o(h) be the first derivative of h**3/3 - 5*h**2/2 + 6*h + 23. Suppose -4*w = -7*w + 15. What is o(w)?
6
Let x(y) = -13*y**3 + y**2. Let g be 2/(-4) + 100/40. Suppose 1 = 3*m + 4*d, -d + g = -0*m - m. Give x(m).
14
Let l(v) = 1 - 1 + 122*v - 123*v. Give l(2).
-2
Let l(o) be the first derivative of o**4/4 - 5*o**3/3 - 4*o**2 + 8*o + 44. Suppose -3*x + 12 + 6 = 0. Determine l(x).
-4
Suppose -17*p + 15 = -19. Let q be (p - (-10)/(-2)) + -7 + 8. Let z(y) = -7*y**2 + 3*y + 9. Let d(u) = -u**2 + 1. Let k(g) = -6*d(g) + z(g). What is k(q)?
-7
Let n(b) = -2*b**2 + 10*b + 3. Let r be -3 - (1 - 12/4). Let v(u) = -u**2 + u - 1. Let f(q) = r*n(q) + 3*v(q). What is f(-7)?
-6
Let o be (-56)/(-147)*9/6*14. Let w(g) = g - 18. What is w(o)?
-10
Let s = -17 - -22. Suppose -4 + 1 = -i + g, -25 = -s*i - 5*g. Let h(r) = 0 - r**2 - i + 3 - 4*r**2. What is h(-1)?
-6
Let u(f) = f**2 + 4*f. Let d(v) = -v - 2. Let s(b) = -6*d(b) - u(b). Give s(-3).
-3
Suppose 0 = f - 3*f - 30. Let x(r) = -r**2 - 16*r - 3. Determine x(f).
12
Let k be (5 - 6) + (2 - 1) - 4. Let l be (5 + 0)*4/10. Let c(y) = -4 + 4*y**2 - 4*y**l - 2*y**2 + 3*y**2. Calculate c(k).
12
Let r(j) be the first derivative of j**2 + 2*j - 4. Suppose -z - 2 = 3*l, 2*z = -0*z - l + 16. Suppose -h - z = -4. What is r(h)?
-10
Suppose 3*l - 44 - 70 = 0. Let p be 4338/162 + (-2)/(-9). Let s be l/(-8) + p/36. Let q(g) = g**3 + 3*g**2 - 5*g - 6. Give q(s).
-2
Let h(o) = 14*o + 574. Let q be h(-41). Let t(y) be the third derivative of -9*y**2 - 1/2*y**3 + 5/24*y**4 + 0 + q*y. Determine t(2).
7
Let r(u) = -5*u**2 + u - 10. Let i(w) = 6*w**2 + 11. Let c(n) = 6*i(n) + 7*r(n). Let s = 57 + -65. Calculate c(s).
4
Let d(r) = r**3 + 4*r**2 - 5*r - 6. Let m(l) be the first derivative of 3/2*l**2 - 1/4*l**4 - l + l**3 + 12. Let t be m(4). Give d(t).
-6
Let l(s) = 2*s + 14. Let t(a) = 2*a - 20. Let m be t(8). Let n be l(m). Let r(k) = -k**2 + 5*k + 1. Give r(n).
-5
Let i(o) = 3*o - 81. Let q(y) = -5*y**3 - 3*y**2 + 4*y + 9. Let h be q(-2). Determine i(h).
6
Let f(j) be the third derivative of j**6/120 - j**5/30 + j**3/6 - 15*j**2. Determine f(-1).
-2
Suppose 1 = -4*r + 13. Let n(z) = z - 14*z**2 - 20*z**2 + 49*z**2 - 16*z**2 - 2. Determine n(r).
-8
Let q(z) = -2*z**3 + 3*z**2 - 18*z + 8*z + 3 + 6*z. Calculate q(2).
-9
Suppose 286*u + 4 = 290*u. Let n(f) = 39*f**3 + f. Calculate n(u).
40
Suppose -23 = 4*w - 27, -w + 31 = -5*m. Let x(u) = u**3 + 6*u**2 + 10*u + 7. Determine x(m).
-53
Let h(w) = -w**3 - 6 - 13 - 4*w**2 + 23 - 5*w + 12*w. What is h(-5)?
-6
Let o(v) be the third derivative of v**4/12 + v**3/6 + v**2 + 12. What is o(0)?
1
Let m(z) be the third derivative of z**4/8 + z**3/2 + 5*z**2. Determine m(2).
9
Let n(g) = -g**3 + g**2 + g. Let h(o) = -19*o - 24 - 15*o + 43*o - 11*o. Let c be h(-13). What is n(c)?
-2
Let t(p) = -p**3 - 4*p**2 + p + 7. Let o(a) = 36 + 0*a**2 - 20*a**2 - 74*a + 78*a - 5*a**3. Let c(k) = 2*o(k) - 11*t(k). What is c(-5)?
-15
Let r(l) = 18*l - 7. Let f(v) = 3*v - 3. Let z(a) = -5*f(a) + r(a). What is z(-7)?
-13
Suppose t + 0 = 1. Let l be (t - 2)/((-10)/60). Let i(f) = 3*f - 9. Give i(l).
9
Let m(a) = -3*a + 3*a - 3 - a + a**2. Let v be 192/(-20) + (-3)/(-5). Let x = v + 9. Calculate m(x).
-3
Let j(n) = -n. Let h(x) = -8*x**2 - 5*x - 1. Let s(v) = -h(v) + 6*j(v). Let i(a) = -a + 4. Let f be i(6). Let p be (-8 + 5)*f/6. Give s(p).
8
Let k(c) be the third derivative of -c**5/60 + c**4/3 - 3*c**3 + 34*c**2. Calculate k(6).
-6
Let h(t) = 3 + 22*t**2 - 21*t**2 + 2. Let y = -12 + 12. What is h(y)?
5
Suppose 0 = -4*f + 7*f - 255. Let o = f - 79. Let a(s) be the second derivative of s**5/20 - 5*s**4/12 - 7*s**3/6 + 3*s**2 + s. What is a(o)?
0
Suppose -10*m + 11*m - 4 = 0. Let z(r) be the second derivative of 6*r + 2/3*r**3 + 0 - 3/2*r**2. Calculate z(m).
13
Let b(c) = c**3 - 5*c - 7*c + 7*c + 11*c**2 - 6*c - 8*c**2. What is b(-5)?
5
Let b be (-4)/(-32) - 31/(-8). Let a(u) = -2*u**2 + 3*u**2 - 58 + b*u + 61. Give a(-4).
3
Let j(m) = 8*m + 4. Let u(x) = -14*x - 9. Let r(c) = -5*j(c) - 2*u(c). Determine r(2).
-26
Let m be -2 - (1 - (0 + -3)). Let y(a) = -4*a**2 + a - 1. Let g(k) = -5*k**2 - 2. Let r(z) = m*y(z) + 5*g(z). Give r(-5).
1
Let w(h) = -h**3 - 3*h**2 + 6*h + 9. Let m(x) = 4*x**3 + 11*x**2 - 25*x - 37. Let r(q) = -2*m(q) - 9*w(q). Calculate r(-5).
13
Let j(l) = 10*l - 22. Let z(a) be the first derivative of -3*a**2/2 + 7*a - 6. Let n(w) = 5*j(w) + 16*z(w). What is n(-3)?
-4
Let x be (-325)/(-26) + -11 + 6/(-4). Let r(m) = m**3 + m + 15. Calculate r(x).
15
Suppose -5*m + 39 = -3*y, -5*m + 10 = 3*y + 79. Let t be 109/7 + y/(-42). Let w(f) = -6 - t*f - f**2 + 33*f - 25*f. What is w(-5)?
9
Let z(h) = -4*h - 6. Suppose -27*l - 7 = -26*l. Calculate z(l).
22
Let m = 102 - 108. Let s(v) = 4*v + 4. What is s(m)?
-20
Suppose -3*b + 2 = -1. Let t be -7 - (-2 + -1 + b). Let j(z) = -z - 2. Calculate j(t).
3
Let m(x) = -x**3 - 4*x**2 + 8*x + 4. Let r(j) = -3*j**3 - 12*j**2 + 25*j + 11. Let d(s) = 7*m(s) - 2*r(s). Let o be 94/423 - 94/18. Determine d(o).
1
Let x(d) be the second derivative of -9*d**5/20 + d**4/12 + d**3/6 - d**2/2 + 49*d. Calculate x(1).
-8
Let x(r) = -r**3 - 9*r**2 - 12*r. Let w be (12/10)/(64/(-160)) - 5. Determine x(w).
32
Suppose 20*o - 36 = 14*o. Let c(u) = 2*u**2 - 15*u + 8. Give c(o).
-10
Let t(v) = v**2 - 4*v - 1. Suppose y = -3*y + 12. Suppose -y*i + 8 = -7, 0 = 4*p - i - 3. What is t(p)?
-5
Let h(q) = 4*q**2 - 31*q + 9 + 44*q - 3*q**2. Calculate h(-8).
-31
Let w(h) = 3*h**2 - h + 1. Let p = 61 - 52. Let y be p/(9/(-2)) + 3/1. What is w(y)?
3
Let t = 8 + 12. Let b(s) = 6 - t*s + 4 + 12*s + s**2. L